*-3 - (4 + n). Is m(f) a multiple of 9?
False
Let h = 45 + 111. Is h a multiple of 30?
False
Let a(k) = -k**3 + 3*k**2 + 3*k - 1. Let g(h) = -2*h**3 + 6*h**2 + 5*h - 1. Let x(y) = 11*a(y) - 6*g(y). Is 10 a factor of x(4)?
False
Is 165 + 2 + 12 + -11 a multiple of 21?
True
Let j = -6 - -8. Suppose -4*t = -p + j*p - 44, 4*p = t + 193. Is p a multiple of 16?
True
Let y(j) = -2*j - 7. Suppose x = -2*n - 15, -3*x = 3*n + 2*x + 33. Let i be y(n). Suppose -2*a + 19 = r - 18, 5*a + i*r - 90 = 0. Is 19 a factor of a?
True
Suppose 3*b = -4*s + 333, -251 = -3*b + 4*s + 82. Is 26 a factor of b?
False
Let o be ((-24)/(-40))/(1/5). Let p(y) = o*y - 5*y - 4*y - 3 + 2*y. Does 5 divide p(-4)?
False
Let z = -13 + 35. Is 5 a factor of z?
False
Let t(o) = 46*o**2 - 5*o. Let m(k) = 45*k**2 - 6*k. Let z(a) = -4*m(a) + 5*t(a). Does 10 divide z(1)?
False
Let z = 2 + 1. Suppose -u - v + 1 = 2*v, 3*u - z*v - 63 = 0. Is u a multiple of 6?
False
Let c = 5 - -8. Let w = c + -8. Suppose 3*a - 48 = -5*g, -w*g + 2*g = -a - 26. Is g a multiple of 6?
False
Let f be (-48)/22 + 36/198. Let j(r) be the second derivative of -r**5/5 - r**4/3 - r**3/2 - r**2/2 - r. Is j(f) a multiple of 21?
True
Is ((-15)/(-5) - 5) + -1 + 123 a multiple of 40?
True
Let l(t) = -15*t + 8. Let d(v) = -7*v + 4. Let u(g) = 7*d(g) - 4*l(g). Is 19 a factor of u(5)?
False
Let h = 8 - 11. Does 10 divide 43*h/9*-3?
False
Let v be 2 + -1 + 1 + -4. Let t be (-3)/(18/15)*v. Suppose -27 = -4*p - t*f, 2*p - p = f. Is 3 a factor of p?
True
Let t = -161 - -107. Suppose 0 = 2*h + h + 114. Let b = h - t. Is b a multiple of 6?
False
Let o = 36 + -52. Let z(k) = k**2 - 12*k + 6. Let p be z(9). Does 6 divide p/(-4)*o/(-6)?
False
Suppose 0 = -f + 5 - 0, 5 = -4*v - 3*f. Let m = v + 7. Is 12 a factor of -1 + (25 - 0/m)?
True
Suppose -11*n + 18 = -48. Is 3 a factor of n?
True
Let z(h) = h**3 - 8*h**2 + 6*h - 1. Let a be z(8). Let b = -31 + a. Does 13 divide b?
False
Suppose 74 = 4*i - 50. Is 5 a factor of i?
False
Let m(i) be the first derivative of -i**3/3 + i**2/2 + 2*i - 2. Let v be m(0). Does 15 divide 87/6 - v/(-4)?
True
Suppose 147 - 47 = 3*k - d, 1 = -d. Is 13 a factor of k?
False
Let g(x) be the second derivative of -3*x**5/20 - 2*x**3/3 - 3*x**2/2 - 2*x. Is 11 a factor of g(-2)?
False
Let x(u) = 2*u**3 + 3*u**2 - u - 2. Let z(w) = w**3 + 9*w**2 + 9*w + 10. Let q be z(-8). Is x(q) a multiple of 12?
True
Suppose -24 = -3*s - 0*s. Suppose -3*j = -s*j + 240. Suppose h + h = j. Is h a multiple of 12?
True
Let o(z) be the third derivative of 0*z - 1/3*z**3 + 1/60*z**5 + 0 + 1/8*z**4 - z**2. Is 8 a factor of o(3)?
True
Let d = -92 + 207. Does 26 divide d?
False
Suppose -w = -1, 4*f + w = f + 37. Is -11 + f + 9*1 a multiple of 5?
True
Let q be (1 - 0)*36/(-6). Is 28 a factor of (-340)/(-12) + 2/q?
True
Let v(w) = -w**3 - 13*w**2 + 27*w - 21. Is 20 a factor of v(-15)?
False
Suppose 0 = -x + d + 7, 5*x - 2*d + 5 = -7*d. Let f = x + -8. Let g = 5 - f. Is g a multiple of 6?
False
Suppose 0 = -2*s + 1 + 1. Let n(x) = 29*x**2 - 1. Is 11 a factor of n(s)?
False
Let h(j) = 4*j - 7. Let q(o) = o**2 + o. Let s be q(-3). Is 16 a factor of h(s)?
False
Let d(i) = 2*i + 108. Does 39 divide d(24)?
True
Let x = 7 + -2. Let q = 108 - x. Is 9 a factor of (-12)/16 + q/4?
False
Suppose 0*i + 145 = 4*y + i, -108 = -3*y - i. Is y a multiple of 17?
False
Let t = -11 - -13. Let z = t + 12. Does 7 divide z?
True
Suppose -2*q = 2*q - 16, 2*r - 88 = 2*q. Is r a multiple of 16?
True
Let u be ((-37)/2)/((-2)/8). Let t = u - 48. Is -1*t/(-2*1) a multiple of 9?
False
Let u = 175 + -109. Is (-4)/8*-1*u a multiple of 8?
False
Let h(s) = -s**3 - 9*s**2 + 10*s + 10. Let g be h(-10). Let m = g + -15. Is 2 a factor of (-4 - -3)*(m + 2)?
False
Suppose 3*l = l + 5*z + 113, -2*l = -z - 109. Does 9 divide l?
True
Let v be (-33)/(-9) - 2/3. Let u = 59 + -35. Suppose 2*q + v*k - u = 0, -11 = -q - 3*k + 2*k. Does 8 divide q?
False
Suppose 0 = 2*i + 3*r + 19, -4*i + r - 4 = -1. Is 11 a factor of -66*i*4/12?
True
Let m = -140 - -272. Is 14 a factor of m?
False
Suppose 3*d + 13 = 2*x, 2*d - x + 2 + 6 = 0. Let u = -1 - d. Let m = u + 6. Is 3 a factor of m?
False
Suppose i - 262 = -3*y, 4*i - 358 = -4*y + 7*i. Is 8 a factor of y?
True
Let u(y) = y**2 + 21*y + 80. Is 30 a factor of u(-25)?
True
Suppose o + 3*n - 99 = 0, -2*n = -o + n + 111. Is o a multiple of 21?
True
Let b(x) = x**2 - 3*x - 10. Suppose 0 = 2*m - 4, 2*z - m = 20 - 6. Is 15 a factor of b(z)?
True
Let j be (-10)/15 - (-647)/3. Suppose -5*z - 5*v = -j, -5*v - 3 - 62 = -2*z. Is z a multiple of 9?
False
Let z be -1*1 - (-15)/5. Suppose -u = -m + 2*m - 45, -93 = -z*m - 3*u. Is 14 a factor of m?
True
Let a be 4/(-2)*(-3)/2. Suppose 0*r = a*r - 21. Suppose -r*t + 2*t + 180 = 0. Does 18 divide t?
True
Suppose 0*o - 4*o - 12 = 0, 0 = k + o - 132. Is 16 a factor of k?
False
Suppose 2*p + 142 = -2*p - 3*a, 5*a + 146 = -4*p. Is 21 a factor of ((-8)/(-2) - p) + 4?
True
Let s(f) = 34*f**2 + f. Is s(1) a multiple of 16?
False
Suppose 0 = -4*x + 28 + 84. Let w = 45 - x. Is 14 a factor of w?
False
Let w(v) = -v**3 - 5*v**2 - v. Let q be w(-5). Suppose 29 = f - 3*x + q, -f = -4*x - 26. Does 6 divide f?
True
Let j(z) = -z**3 + 12*z**2 - 21*z - 10. Let f be j(10). Let k = f - -29. Is k a multiple of 9?
True
Is 2 - 0 - 14/(-14) a multiple of 3?
True
Suppose 2*b = b + 31. Is b a multiple of 11?
False
Suppose 0 = -2*u + 5*n + 16, 2*u + 0*u = 2*n + 10. Does 2 divide u?
False
Suppose -4*i + 27 = -33. Suppose r + 0 = i. Suppose j - v + 2*v = r, -3*v = 12. Is j a multiple of 12?
False
Let m be (-4)/16 - 17/(-4). Suppose -o + 12 = -m*o. Does 12 divide (6/(-1))/(1/o)?
True
Let t(n) = -n**3 - 2*n**2 + 7*n + 5. Does 9 divide t(-5)?
True
Let g(j) = 17*j + 7. Let c(u) = 34*u + 14. Let y(s) = 2*c(s) - 5*g(s). Is y(-5) a multiple of 20?
False
Suppose 2*u - 3 = 3. Suppose -2*y - 19 = -6*y - u*n, -y + 3*n = -1. Is 2 a factor of y?
True
Suppose 6*p + 30 = 3*p. Let h(a) = -2*a - 9. Does 11 divide h(p)?
True
Is 13 a factor of 1362/9*(-6)/(-4)?
False
Let m(d) = d + 4. Let x be m(4). Let n be (9/(-2))/(6/x). Let y = n - -37. Is 12 a factor of y?
False
Is 12 a factor of (-4 - -1)/(-3) + 99?
False
Suppose 2*f = 37 + 93. Is f a multiple of 17?
False
Let m(c) = 2*c**2 + 3*c - 2. Is m(-4) a multiple of 7?
False
Suppose 5*z - 325 = -0*z. Let b = z + -37. Is 14 a factor of b?
True
Let c(f) = 18*f**2 - f + 1. Let k be c(1). Let p(q) = 2*q - 11. Is p(k) a multiple of 25?
True
Suppose -2*n = -5*c, -3*c + 3*n - 6 = 3. Suppose 1 + 20 = -w + 2*m, -c*m = -3*w - 79. Let v = 43 + w. Is 7 a factor of v?
True
Suppose 0 = 5*v - v - 16. Suppose v*l + 208 + 49 = 3*q, -l = 4*q - 330. Does 32 divide q?
False
Let h = 75 - 105. Let x be ((-4)/3)/((-6)/(-9)). Is 6 a factor of h/(-9)*(-9)/x?
False
Let y = -104 + 200. Is y a multiple of 32?
True
Let u be (-66)/6 - (1 + -1). Let s = -6 - u. Suppose -s*a + 2 + 18 = 0. Is 3 a factor of a?
False
Suppose 161 - 588 = -7*n. Does 17 divide n?
False
Let k(c) = 10*c + 12. Does 7 divide k(6)?
False
Let l be (-2 + 1)/((-1)/(-3)). Let g(j) = j**2 + 2*j - 2. Let t be g(l). Let m = 27 - t. Is 13 a factor of m?
True
Suppose 0 = g + 1 - 3. Suppose -64 = g*i - 6*i. Let d = i + -1. Does 15 divide d?
True
Let x(s) = -s - 1. Let i(y) = 2*y - 3. Let m(q) = i(q) + 3*x(q). Let p be m(-11). Suppose 0 = 2*g + w - 2*w - 32, -p*g + 90 = -5*w. Is g a multiple of 7?
True
Let x(l) = -3*l + 5. Let n be x(-4). Let w = 13 + n. Does 30 divide w?
True
Suppose -h - 3*z + 14 = -6, 5*z - 40 = -3*h. Suppose -3*q - 4 + 13 = 0, 45 = 3*s + h*q. Is s a multiple of 5?
True
Is (-52)/9 + 6 - 223/(-9) a multiple of 5?
True
Is 11 a factor of 11/2*(3 - -23)?
True
Suppose 28 + 87 = -5*y. Let h = -65 - -125. Let x = h + y. Is 17 a factor of x?
False
Let m = -17 - 1. Let g = m - -30. Is g a multiple of 12?
True
Suppose -382 = -5*p - 2*v, 0*v - 157 = -2*p - 5*v. Is p a multiple of 19?
True
Let w = -4 + 7. Suppose -w*m = -4*p + 19, p + 4*m = -3*p + 40. Is p a multiple of 5?
False
Suppose -2*q + 3*v - 114 = -3*q, -2*v + 112 = q. Does 27 divide q?
True
Let y(n) = -3*n - 2*n**2 - 3*n**2 - n**3 + 0*n**3 + n. Is 16 a factor of y(-6)?
True
Let b be (-1 - 0/2)*-3. Suppose 2*h - 10 = -0*h, b*h - 42 = -3*u. Is -3*(-3)/u + 33 a multiple of 17?
True
Is 25 a factor of 2/(-4) - 101/(-2)?